 78521 and 4396943?
233
Calculate the greatest common divisor of 2068048 and 2987.
29
Calculate the highest common factor of 1483256 and 1036.
148
Calculate the highest common factor of 36933 and 2964.
39
Calculate the greatest common factor of 537030330 and 60.
30
Calculate the greatest common factor of 51045 and 2336450.
415
Calculate the greatest common factor of 483669 and 8235.
549
What is the greatest common factor of 733352 and 9816152?
6728
What is the highest common factor of 2752 and 48520512?
2752
Calculate the greatest common divisor of 764 and 11216666.
382
What is the highest common divisor of 24739 and 81679182?
2249
Calculate the greatest common factor of 3605 and 265195.
35
What is the highest common factor of 24877692 and 245?
49
Calculate the highest common factor of 402 and 1382395389.
201
What is the highest common divisor of 4610625 and 20625?
1875
What is the highest common factor of 15345 and 13784265?
495
What is the greatest common factor of 70387100 and 24318?
2702
What is the highest common divisor of 393390 and 4320?
270
Calculate the highest common divisor of 1093908 and 14460.
12
What is the highest common factor of 3411175 and 20?
5
Calculate the highest common factor of 383240 and 585.
65
Calculate the greatest common divisor of 100617 and 132.
33
Calculate the highest common divisor of 471075 and 33.
33
Calculate the greatest common factor of 254 and 25472390.
254
Calculate the highest common factor of 449 and 844291069.
449
What is the greatest common factor of 37187 and 21322663?
907
Calculate the highest common divisor of 27247303 and 380149.
4937
What is the greatest common factor of 59621685 and 15?
15
Calculate the highest common factor of 59 and 404681.
59
Calculate the highest common factor of 101884 and 9024.
4
What is the highest common divisor of 45617 and 15488?
121
What is the highest common factor of 432396 and 3684?
12
What is the greatest common factor of 22 and 2033691?
11
What is the greatest common divisor of 910485 and 855?
45
What is the greatest common divisor of 682 and 52366502?
62
Calculate the highest common factor of 325171 and 913507.
721
What is the greatest common factor of 33054693 and 174?
87
Calculate the greatest common factor of 10471 and 794947.
283
What is the highest common divisor of 54014 and 10182834?
478
What is the highest common divisor of 12383 and 127513?
29
Calculate the greatest common divisor of 183001000 and 118300.
9100
What is the highest common divisor of 224231 and 24569?
311
What is the greatest common factor of 73042126 and 7541?
7541
What is the greatest common factor of 22296182 and 1228?
614
What is the greatest common divisor of 17388 and 987804?
828
Calculate the highest common divisor of 28 and 1083125736.
28
Calculate the highest common factor of 104 and 5169294.
26
Calculate the highest common divisor of 60 and 23685.
15
Calculate the greatest common divisor of 26 and 1300453336.
26
Calculate the greatest common factor of 11346 and 4805580.
366
What is the highest common factor of 11046 and 96922338?
1578
What is the greatest common divisor of 198264 and 7603124?
3004
What is the greatest common divisor of 30160 and 28288?
208
What is the greatest common factor of 1036 and 11799263?
259
Calculate the highest common factor of 76947 and 81159.
39
Calculate the greatest common factor of 9523 and 833485.
89
What is the greatest common factor of 156 and 743487?
3
Calculate the highest common divisor of 602507 and 101597.
283
What is the highest common divisor of 82 and 385961290?
82
Calculate the greatest common divisor of 84 and 63488388.
12
Calculate the highest common factor of 19005 and 490920.
15
Calculate the highest common factor of 5796182 and 35.
7
Calculate the greatest common divisor of 25834 and 302.
2
What is the highest common factor of 141786050 and 700?
350
What is the greatest common divisor of 12009 and 2601?
3
Calculate the highest common factor of 4862739 and 42.
21
What is the highest common divisor of 65470756 and 156?
52
What is the greatest common factor of 1316789111 and 1606?
803
Calculate the greatest common divisor of 2438660 and 560.
140
Calculate the greatest common divisor of 1152427 and 4163.
181
Calculate the highest common factor of 1939463 and 266.
19
What is the highest common factor of 162 and 6219281898?
162
Calculate the greatest common divisor of 338050 and 250.
50
What is the highest common factor of 2058 and 64984437?
1029
Calculate the highest common divisor of 311848 and 357.
17
Calculate the highest common factor of 437715 and 103660.
355
Calculate the greatest common divisor of 264873857 and 48764.
12191
What is the greatest common divisor of 216 and 9660222?
54
Calculate the highest common factor of 18259689 and 6363.
2121
What is the highest common factor of 39178 and 26828?
38
Calculate the greatest common divisor of 881410 and 2432.
38
What is the highest common factor of 375 and 187771125?
375
What is the highest common factor of 94685 and 142390?
145
What is the highest common divisor of 19748750 and 1875?
625
What is the greatest common divisor of 2758 and 193886?
14
What is the highest common divisor of 175 and 471700?
25
What is the greatest common divisor of 46223 and 3311742?
2719
What is the greatest common factor of 149902 and 317638?
482
What is the highest common divisor of 2786656 and 256?
32
Calculate the highest common factor of 341040687 and 788.
197
What is the highest common factor of 80999320 and 14790?
290
What is the highest common divisor of 32928 and 162164226?
2058
Calculate the highest common divisor of 243019000 and 25032.
8344
What is the highest common divisor of 4952324 and 1181882?
3406
Calculate the highest common factor of 3180557 and 11547.
1283
Calculate the highest common divisor of 86847184 and 6458.
6458
What is the highest common divisor of 18632 and 1067504?
1096
What is the highest common factor of 2384 and 9985235?
149
Calculate the greatest common factor of 2135156 and 536.
268
What is the highest common divisor of 220 and 537782190?
110
Calculate the greatest common divisor of 20309319 and 1170.
9
Calculate the highest common divisor of 285606 and 4305.
123
What is the greatest common factor of 3980 and 728240?
20
What is the greatest common divisor of 132 and 312218643?
33
What is the greatest common divisor of 54 and 216238518?
54
Calculate the highest common divisor of 228 and 182324.
76
What is the highest common factor of 1337565 and 1495?
115
Calculate the greatest common factor of 20 and 3054322390.
10
What is the highest common divisor of 6411 and 163974147?
6411
Calculate the highest common factor of 2159 and 1693037.
127
What is the greatest common divisor of 653096 and 12440?
8
What is the highest common divisor of 2352 and 10266340?
28
Calculate the highest common factor of 48 and 496626.
6
Calculate the highest common factor of 4686917 and 6095.
23
What is the highest common divisor of 26985276 and 12570?
2514
Calculate the greatest common divisor of 98007 and 42861.
273
What is the greatest common factor of 175 and 360400?
25
What is the greatest common factor of 979 and 128249?
979
What is the highest common divisor of 19713184 and 4256?
608
Calculate the highest common divisor of 52850 and 23000.
50
Calculate the highest common divisor of 22960 and 369205.
205
Calculate the greatest common divisor of 6273 and 569613.
123
Calculate the highest common factor of 5776 and 38536.
8
Calculate the highest common factor of 1169113 and 707641.
253
Calculate the greatest common factor of 830053 and 2375.
19
Calculate the highest common factor of 2549287 and 30381.
247
Calculate the greatest common divisor of 97751082 and 13.
13
What is the greatest common factor of 578310 and 2378886?
3126
What is the highest common factor of 23989 and 3693263?
1043
What is the highest common factor of 488 and 8387683?
61
Calculate the greatest common factor of 48419 and 39312.
7
Calculate the greatest common divisor of 144290 and 13201.
307
What is the greatest common divisor of 2358 and 50629666?
262
What is the greatest common factor of 218349 and 16038?
27
Calculate the highest common divisor of 51629580 and 180.
180
What is the greatest common divisor of 1153060 